2).
2, 47
Suppose 5*n + 3*j = 88 + 108, 0 = -4*n + 5*j + 142. What are the prime factors of n?
2, 19
Let f = 7 + -4. Suppose 3*d = y - 14, 22 = -f*y + 8*y + d. Suppose 12 = y*x - 48. What are the prime factors of x?
2, 3
Let x(s) = s**3 - 4*s**2 + 5. List the prime factors of x(4).
5
What are the prime factors of 0/(-4) - 4/((-4)/47)?
47
Let u(g) = -5*g**2 + 9*g + 11. Let m(l) = l**2. Let b(a) = 6*m(a) + u(a). List the prime factors of b(-9).
11
Let f(y) = -y**3 - 13*y**2 - 13*y + 15. List the prime factors of f(-12).
3
Let a = 7 + -3. What are the prime factors of a/(-16) - 90/(-8)?
11
Let p(k) = 5*k - 3. Let h be p(8). Let i = h + -26. List the prime factors of i.
11
Let z be (-1 - 2) + (8 - 0). List the prime factors of ((-18)/1)/(-7 + z).
3
Suppose 3*c = -2*c + 5. Let h = 3 - c. List the prime factors of h.
2
Let y(j) = -j**3 + 5*j**2 + 6*j + 5. Let v be y(6). Let r = 3 - 6. Let g = r + v. What are the prime factors of g?
2
Let j(n) = -74*n + 21. What are the prime factors of j(-2)?
13
Let z be -2*(15/(-2))/3. Let t = z + 0. Suppose -88 = c - t*c. List the prime factors of c.
2, 11
Suppose -2*f = 2*f - 16. Suppose -b - 3*b = -2*p - 66, -p = f*b - 69. List the prime factors of b.
17
Let y = 73 - 47. Suppose 5*p + m - 22 = 0, 5*p - y = -0*m - 3*m. Suppose -v + p = -3. List the prime factors of v.
7
Let k(l) = l**2 - l - 5. Let m be k(4). List the prime factors of 1 + 1 + -3 + m.
2, 3
What are the prime factors of 24/(-20)*25/(-3)?
2, 5
Suppose 6*u = u + 105. What are the prime factors of u?
3, 7
Suppose 0 = x - 4*f - 22, -5*x = -f - 133 - 15. What are the prime factors of x?
2, 3, 5
Let n(f) = 3*f**3 - f**2 - 3*f + 1. Let g be n(2). Let d = -5 + g. Let x = d + -1. List the prime factors of x.
3
Let r = 65 - -6. List the prime factors of r.
71
Suppose 12 = 2*f - f. Let h = f - 10. List the prime factors of h.
2
Suppose 0 = 2*f - 3*g - 20, 4*f = 4*g + 28 + 8. Suppose 0 = 2*c, 4*c = -f*u + 3*u + 64. What are the prime factors of u?
2
Let d be (-3)/((-1)/2*6). Suppose 19 = -2*t - 4*r + 47, 2*t - 32 = -5*r. What are the prime factors of 5*(d - t/10)?
2
Let g(x) = -x**2 - 18*x - 5. Let d be g(-8). Suppose -3*m = -6*m + d. List the prime factors of m.
5
Suppose 0 = -k - k + 148. List the prime factors of k.
2, 37
Let l = 56 + -33. List the prime factors of l.
23
Let f = 2 - 0. Suppose -2*s + 3*q + 71 = 0, f*s = 3*q - 2*q + 81. Suppose 2*o = s - 3. What are the prime factors of o?
2, 5
Let q(h) be the third derivative of 5*h**4/24 - h**3/6 + 2*h**2. Let u be q(1). Suppose u*i = 2 + 6. What are the prime factors of i?
2
Let h(l) = -2*l + 6. Let v(t) = t - 3. Let j(k) = -3*h(k) - 7*v(k). Let s be j(0). Suppose 2*u - 1 = s. What are the prime factors of u?
2
Let m = -76 + 137. List the prime factors of m.
61
Suppose 4*s + h = 513, -s - 3*s = -3*h - 493. What are the prime factors of s?
127
Let v = -9 + 13. Suppose -3*l - v = -l. What are the prime factors of 3 + (-1 - l) - 2?
2
Let u(q) = -q**3 - 6*q**2 + 5*q - 6. Let c(a) = -a**2 - 10*a - 4. Let h be c(-4). Suppose -6*f + 11*f - h = 5*l, 2*f = -6. What are the prime factors of u(l)?
2
Let u = -124 + 370. List the prime factors of u.
2, 3, 41
Suppose -5*s + 2*k + 291 = 0, -4*k + 213 = 4*s + k. Let l = s + -32. What are the prime factors of l?
5
Let o = 45 - 29. What are the prime factors of o?
2
List the prime factors of ((-2)/(-2))/((-3)/(-1500)*4).
5
Let l = 1 - -1. Suppose -5*a + 21 = -l*a. Suppose 0 = -3*g + 11 + a. What are the prime factors of g?
2, 3
Let s(d) = -7*d**3 - d**2. Suppose -4*m = -0*o + 5*o + 164, 2*o + 2*m + 64 = 0. Let q be 28/o + 4/(-18). List the prime factors of s(q).
2, 3
Let t(s) = s**2 + 11*s + 10. Let d be t(-10). Let q(j) = 2*j**2 - 3*j + 1. Let f be q(2). Let h = f - d. List the prime factors of h.
3
Let t(k) = -3*k. Let d(g) = -2*g**2 - 5*g + 2. Let c be d(-4). Let u(w) = w + 9. Let z be u(c). What are the prime factors of t(z)?
3
Suppose -k - 4*k + 215 = 0. What are the prime factors of k?
43
Suppose 4*d - 3*w + 76 = 407, 5*d + 4*w = 406. Suppose 0 = 5*t + d + 118. Let s = -29 - t. List the prime factors of s.
11
Suppose 2*m = 38 - 34. List the prime factors of m.
2
List the prime factors of 3/4*(-1136)/(-12).
71
Let z(f) = f + 2. Let u be z(3). Suppose u = -0*t + t. Suppose t*q + 17 = 2*s - 27, -s + 13 = 2*q. What are the prime factors of s?
17
List the prime factors of 65 - (-4)/(-8)*0.
5, 13
Suppose -4 = -p, 4*l = p + 4*p + 220. Suppose -4*a - a = 2*o - 30, -l = -4*o + 5*a. List the prime factors of o.
3, 5
Suppose -1 = i - 4. Suppose 0*h + 42 = i*h. Suppose -4*x = -26 - h. What are the prime factors of x?
2, 5
Let a(z) = -4*z - 16. Let d(o) = -o - 4. Let c(x) = 2*a(x) - 9*d(x). What are the prime factors of c(8)?
2, 3
Let n(l) = -l**2 + 2*l - 3*l + 6*l. Let p be n(4). Suppose p*v = -a + 12, -2*v + 3 = -v + 5*a. List the prime factors of v.
3
What are the prime factors of (40/(-15))/((-2)/18)?
2, 3
What are the prime factors of ((-795)/75)/(2/(-10))?
53
Suppose -648 = -2*p - 3*k, 2*k = 4*p - 0*p - 1280. List the prime factors of p.
3, 107
Let a(p) = -p**2 - 9*p - 1. Let d(n) = 2*n. Let y be d(-5). Let l be a(y). List the prime factors of -2 - (l - (0 - -1)).
2, 5
Let w = -25 - -69. List the prime factors of w.
2, 11
Suppose 2*a - 5*x - 40 = 0, -a + 0*a - 3*x + 9 = 0. Suppose -5*g + 20 = -a. Let r = g - 5. List the prime factors of r.
2
Let n(v) = -v**2 + 13*v - 11. Suppose -2*i + 5 = 2*t - 3, -t = 2*i. List the prime factors of n(t).
29
Let c(x) = x**2 - 10*x + 9. Let t be c(9). Suppose t = 4*j - 5*j + 35. What are the prime factors of j?
5, 7
Let a = -94 + 173. List the prime factors of a.
79
Let v be 2/((-21)/18 + 1). Let t be (-5)/2*v/10. Suppose -t*p + 38 = -o, 2*p = -3*p - 2*o + 56. What are the prime factors of p?
2, 3
Suppose -5*a + 4*a - 1 = 4*m, 2*a - 4*m = 46. Let i = a - -10. What are the prime factors of i?
5
Let n(h) = -h**2 - 2*h + 1. Let k be n(-6). Let p = k - -34. What are the prime factors of p?
11
Let z be (-1 + 6)*(2 - 1). Suppose -1 = -3*n - 4*a + z, -2*a + 8 = 4*n. List the prime factors of 44/3 - n/3.
2, 7
Let v be (1 - 0)*(2 - 1). List the prime factors of v/(-4) - (-68)/16.
2
Let x(l) = -4*l - 6. What are the prime factors of x(-7)?
2, 11
Let n(c) = c**2 - 4*c - 7. Let o(a) = a**3 + 2*a**2 - 2*a. Let h be o(-3). Let q = 10 + h. List the prime factors of n(q).
2, 7
Let z(m) = -m**3 - 9*m**2 + m + 10. Let r be z(-9). Suppose 3*d + 4*v = 4*d - 6, -v = d - r. List the prime factors of d/3*(-3 - -12).
2, 3
What are the prime factors of (-2)/(-12) - 502/(-12)?
2, 3, 7
Let k be (-2 + 2/1)/(-3). Suppose 0*o - 56 = -2*m + 4*o, -3*m - 4*o + 84 = k. Suppose -2*h = -0*h - m. List the prime factors of h.
2, 7
Suppose 0 = -20*u + 28*u - 3192. List the prime factors of u.
3, 7, 19
Let z(c) = c + 5. Let s be z(-3). Suppose 2*t = -3*t + s*h + 185, 0 = -5*t - 4*h + 155. List the prime factors of t.
5, 7
Suppose 0*f - 2*f = -462. What are the prime factors of f?
3, 7, 11
Let p(w) = -w**2 - 14*w - 19. Let g be p(-13). Let h = g - -16. What are the prime factors of h?
2, 5
Let x(w) = -w**2 - 9*w - 10. List the prime factors of x(-2).
2
Let c(q) = -2*q + 4. Let v(k) = k - 1. Let b(m) = -c(m) - 4*v(m). What are the prime factors of b(-4)?
2
Suppose -33 = 6*v - 129. List the prime factors of v.
2
Let f be ((-2)/(-4))/((-8)/32). Let o = 2 - f. What are the prime factors of (-2)/o*-16 - 2?
2, 3
Let f = -63 + 43. What are the prime factors of (108/(-30))/(6/f)?
2, 3
Let w(b) be the third derivative of -b**6/120 + b**5/15 - b**4/12 + b**3/6 - b**2. Let m be ((-6)/(-18))/(2/18). What are the prime factors of w(m)?
2
Let d = 393 - 252. What are the prime factors of d?
3, 47
Suppose -i - 2*i = 12. What are the prime factors of 2/i*0 + 10?
2, 5
Let t be 14/4 - 2/(-4). Suppose -2*p + 10 = 2*j, 5*j + t*p = -0*j + 29. List the prime factors of j.
3
Let f(o) be the first derivative of o**4/4 + 2*o**3 + o**2 + 5*o + 2. What are the prime factors of f(-5)?
2, 5
Suppose 225 = 5*y + 5*b - 60, 0 = 5*y + 2*b - 288. Suppose -j + y = 4*q, 2*q + 5*j + 4 = 3*q. What are the prime factors of q?
2, 7
Let g(r) = -r**3 + 9*r**2 + 9*r + 13. What are the prime factors of g(10)?
3
Suppose 2*m + 3*b = 42, b = -m + 19 + 3. What are the prime factors of m?
2, 3
Suppose -2*p + 3*x = 4, 5*x + 12